
What is the value of 213 - 189 - (0 + (29 - 4))?
-1
What is the value of 35 + (-13 - 2) + 29 - 13?
36
-55 - (-24 + -3) - -43 - (-38 - 2)
55
What is the value of 55 + 4 + -9 - (15 + 15 - 21)?
41
What is the value of (3 - (3 - -20)) + (-54 + 34 - -28) - 5?
-17
0 - -26 - (-4 - 0) - (66 - 82)
46
Calculate (-1 - -67) + 44 + 79 + -161.
28
Evaluate -19 + ((10 - 27) + 1 - (5 - 8)).
-32
Evaluate -8 + 62 + 11 + 0 + (-5 - -1) + -7.
54
What is the value of 85 + (40 - 98) - (-27 + -2)?
56
Evaluate (386 + -388 - (1 - (-1 + 14))) + 31.
41
What is (9 - 1) + -14 + 16 - (-6 - (-17 + 11))?
10
Evaluate (-123 - -68) + -14 + 2.
-67
Calculate 41 + -55 + 102 + -38.
50
Evaluate 48 + 13 - (-57 + 112).
6
Calculate -22 - (-51 + -5 + (-194 - -214)).
14
Evaluate (4 - 14) + 3 + 50 + 14 + -6.
51
What is 187 + -29 + 0 + -69?
89
What is the value of (1 - (18 + 4 - 51)) + -113?
-83
What is the value of -2 + 6 + -2 + (-29 - -22) + 49?
44
(-9 - (-28 + -2)) + (4 - -2)
27
(-55 - 1) + 53 + -2 + -63 + (0 - -19)
-49
What is the value of (13 - 68 - -51) + 45?
41
(5 - 56) + 1475 + -1466
-42
What is the value of (141 - 128) + -13 + -1 + 14?
13
What is the value of 127 - 16 - (-473 - -536)?
48
What is 13 + (32 - (-28 - (3 + -16 + 2)))?
62
Evaluate 38 - (80 - 87 - (2 - (8 - -2))).
37
Calculate -14 - ((215 - 233) + (-12 - 1) - 13).
30
Evaluate -5 + -5 + 0 - (15 + -2 + -64 + -5).
46
Evaluate 108 + -13 + 16 + (8 - 18 - -15).
116
Evaluate 53 - (-21 + (11 - 16 - -17) + 19).
43
Calculate 480 + -465 + (0 - 24) + 70 + -2 + -9.
50
Calculate (-66 - -86) + (-31 - -8) + 76.
73
Evaluate 8 + (50 - (24 + -8 + -7 + 4)).
45
What is the value of -83 + -3 + 44 - -4?
-38
Evaluate 16 + 15 + 26 + (-2 - -7 - 17).
45
Evaluate 10 + (16 - 11) + 69 + (-11 - -1) + -12.
62
What is the value of (77 - 72) + 8 + -9 + 2 - -54?
60
Evaluate (-299 - -321) + 30 + 10.
62
(117 - 0) + (-92 + 25 - -76)
126
Calculate (-45 - -31) + (4 - -15) + -12.
-7
Evaluate -52 - 12 - 43 - -40.
-67
Evaluate (-11 - (-75 - -73)) + (4 - 11).
-16
Calculate 13 + 35 + 82 + -92.
38
What is 284 + -141 - (171 + -8)?
-20
Calculate (51 - 27 - 36) + -25.
-37
-19 - 9 - (4 - 72)
40
-23 + (50 + -14 - 26)
-13
Calculate 14 - (-9 - 12) - 103.
-68
Evaluate (9 - (-2 + (-8 - 6))) + -18.
7
What is the value of 252 - 179 - (28 - -56)?
-11
(116 + -291 - 53) + 121
-107
Evaluate (632 - 620) + (-4 - (3 + 1 - -2)).
2
-707 + 720 - (-1 + -3 - -33)
-16
0 + 3 + -12 + 9 - (525 - 514)
-11
(33 - 0) + (0 - 0) + 21 + (12341 - 12370)
25
Calculate 1 - -79 - (-1 - (-1 + 18 + -12 + -9)).
77
What is the value of (253 - 238) + (-4 - -2) + -129?
-116
What is the value of -10 - (0 + 2) - (-13 - 3 - -66 - 18)?
-44
What is (0 - -3 - -2) + 3 + (2924 - 2911)?
21
Calculate 0 + 3 + -5 + 4 + 5 + -26.
-19
What is (11 - 1) + -37 + (15 - (3 - 1))?
-14
What is -52 - (25 + -53 + -53)?
29
What is (0 - 98) + (-216 - -247) - (10 - -4 - 0)?
-81
6 + (-30 - (26 - 16)) + (-1 - -5 - 0)
-30
What is -97 + 128 - 94 - -38?
-25
What is the value of -11 + -9 + 0 + -14 + 2 + -344 + 354?
-22
65 + -87 + -4 - (-3 + 11 + 0)
-34
-13 + 39 + -26 - -10
10
855 + -850 - (80 + 3 - (2 + -3))
-79
What is the value of (39 + -17 + 0 - 32) + -21?
-31
Evaluate 27 - 18 - (0 + -48 - (-17 + 0 + 11)).
51
Calculate -9 + (7 - 7) - (-179 - (37 - 67)).
140
What is the value of 1030 + -1039 - (30 + -1 + 0)?
-38
Calculate -19 - ((9 - 3) + -66 - -23).
18
What is -176 - (-10 + 12 + 4 + -42)?
-140
What is 27 + 5 + (-59 + 55 - (0 - 12))?
40
What is -1 + 39 - (-34 + -4 - -61)?
15
What is the value of -59 - (6 + -170) - 192?
-87
What is 1 + -5 - (-7 - ((-34 - -16 - -33) + -12))?
6
What is -133 - (5 + 43 - 115)?
-66
What is (-7138 - -7224) + 16 + 1?
103
What is the value of 6 - ((2 - -4) + -16 - (-14 + 3)) - -75?
80
Calculate 59 + -59 + -27 - -77.
50
Evaluate 11 - ((-4 + 58 + -2 - (26 - 17)) + -4).
-28
What is -29 - ((-133 - -139) + -116)?
81
-15 + 55 + 9 - 21
28
What is the value of 113 + 45 + -132 - (-1 - -3)?
24
Evaluate (-60 - (-35 + -9)) + 49.
33
What is -4480 + 4399 - (-149 - 0)?
68
What is the value of 129 + -71 - 58 - (0 - 23)?
23
What is 30 + (-13 - (-19 + -34)) + -16?
54
Calculate 12 + -1 + (-34 - (25 - (-16 - -24))).
-40
What is the value of 80 + (6 - (8 + -47)) + 20?
145
What is (2 - 99) + (1036 - 1022) - 6?
-89
Evaluate (-14 - -13) + 5 + (-18 + -55 - (2 - -3)).
-74
1 + -21 + -1932 + 1924 + (1 - -49)
22
Calculate 2 + (-2 + 3 - 0) - (-71 - -63) - -29.
40
Calculate (-16 + 31 - (-3 + -5 + -8)) + 13.
44
What is (-14 - 20) + 33 + 59 - ((2 - 0) + 1)?
55
What is the value of (0 - (3 + 151)) + 10 + 71 + -58?
-131
What is 118 - (61 - 1) - 103?
-45
What is -1 + 10 - (-121 + -16 + 160)?
-14
Calculate -33 - -30 - (-38 + 26) - (-1 + 3 - 5).
12
What is the value of 25 - 68 - 62 - 12 - -19?
-98
What is (17 - (9 + -12) - 63) + 23?
-20
What is (-2 - 3) + -63 - (19 - ((19 - -9) + -19))?
-78
Evaluate (3 - 0) + 9 + (-54 - (-179 - -138)).
-1
Calculate -27 + (51 - 18 - (-5 + 26)).
-15
Evaluate -121 + (44 - -122) + -136.
-91
Calculate -15 - -3 - (7525 - 7639).
102
Evaluate (-53 - -140) + -45 - 58.
-16
(-44 - 2) + -1957 + 2031
28
-34 - (26 + 17 + -69) - -24
16
What is the value of 50 - (74 + 29) - -6?
-47
What is the value of (-259 + 170 - -19) + (0 - -8)?
-62
What is 149 - 113 - (6 - 51) - (1 - 6)?
86
Calculate 1 - (-12 - -9) - (-31 + -11 + 5).
41
What is the value of -8 + -16 + 69 - 60?
-15
What is -31 + 16 + 10 + -6 + 5 + -3?
-9
-29 - -43 - 76 - -48
-14
-41 + (3 + -18 + 13 - 6)
-49
What is the value of 18 + 2 + -6 + (-1 - -4) + -7 - -4?
14
56 + 0 - (289 + -177)
-56
Calculate (10 - (57 - 47 - (-11 - -3))) + 13.
5
What is the value of 9 + (26 - (6 + (3 - 4)))?
30
Evaluate 9 + 6 + -26 - (15 + 4) - -5.
-25
0 - 0 - 45 - (78 + (-111 - -52) + -19)
-45
What is 2 + 9 + -27 + -11 + -4 - (-8 - -2)?
-25
Evaluate -72 + -10 + 48 - -26.
-8
((5 - 2) + -3 - 9) + (4 + -6 - -8)
-3
What is the value of -38 - ((-18 - (5 - 3)) + 22)?
-40
Evaluate (91 - (197 - 141)) + (1 - -5).
41
(-2 - (61 + -2)) + (-4 - -9 - (12 - 6))
-62
Calculate (3 - (-14 + 46 + -26)) + -5.
-8
Calculate (4 - (7 - 56)) + -45.
8
1 + -7 + 28 + -8 + 39
53
What is the value of 4793 - 4769 - (29 - (-2 + 4))?
-3
What is 52 - 9 - (-14 + (29 - 10))?
38
-2 - 3 - (133 - (182 - 72))
-28
Calculate 3 + (5 - -2) + -6 + 35 + (5 - 14).
30
-1 - (-26 + -37 + 31)
31
What is the value of -13 + 8 + 27 + (16 - 11) + 0?
27
What is -134 + (284 - (-154 + 285))?
19
Calculate -24 + 15 + -8 - (-38 + -21).
42
-9 - (-20 + 3) - (-2 - -10)
0
Evaluate (-30 + 16 + -6 - 29) + -20.
-69
Calculate (-1 - (5 - 4) - (16 - 20)) + -10 + 22.
14
Calculate (12 - (-29 + -16)) + 1 - -10.
68
What is 48 - 0 - (517 - 470)?
1
34 + -23 - 22 - (-13 - (2 + -8))
-4
What is (13 - -16) + -68 + 44?
5
Evaluate -45 + 53 + 12 + -33 - (70 - 1) - -3.
-79
What is (-6 - 1) + 14 + -118 + 91?
-20
-238 - -275 - (-2 - -12)
27
What is (0 - -1) + -82 + -16236 + 16242 + -18?
-93
What is -202 - -222 - (36 - -6)?
-22
Calculate (-3 - (9 + -13)) + (-1 - 12) - (-318 - -388).
-82
Calculate 9 - 10 - (0 + -6 + 24 + 14).
-33
What is the value of (681 - 689) + (-2 - 2 - -2) + -56?
-66
Evaluate -19 + -2 + 13 + -13 + -5.
-26
Calculate -45 + 48 + (-10 + -22 + -4 - -3).
-30
What is 10 - (-72 - -69) - ((5 - 2 - -66) + -4)?
-52
What is the value of -12 - (-2 + -106 + (2 + -22 - 9) + 26)?
99
180 + 75 + -286 - (0 - -19 - -1)
-51
Calculate 1 + 19 + (29 - 17 - -21).
53
-3 - ((7 - -3) + (22 - 14) + (-1 - -56))
-76
Calculate (-281 - -250) + (8 - -17).
-6
What is the value of (-40 + 94 - 37) + 0 + -144 + 10?
-117
What is 1 + 3 + 93 + -95 + 5 + -1 + 13?
19
23 + 1 - (34 - (49 + -2))
37
-5 - (-10 - -3) - (-39 + -22 - 20)
83
What is (30 - 47) + -79 - -65?
-31
What is -2 + (-5 - 2 - (62 - 51))?
-20
(512 - 573) + (5 - -124)
68
Evaluate -13 - -22 - (-1 - (-7 + (6 - 2)) - 9).
16
-31 + 11 + (11 + -9 + 97 - -20)
99
Calculate -28 - 1 - (5660 + -5645).
-44
What is the value of 46 + -6 + 4 - (1342 - 1344)?
46
Evaluate -40 - -33 - (9 + -24).
8
Evaluate 16 + -24 + 25 + -142 - -33.
-92
What is the value of 6 - (-11 - -1) - (82 - 97)?
31
-9 + 13 + (-7 - -4 - 0) + -8
-7
30 + -1 + (217 + -288 - -13)
-29
3 + 3 + (-111 - -235 - 117)
13
What is -2 - 0 - (-328 + 332) - -36?
30
What is 9 + -1 + 1 + 8 + -38 + 16?
-5
What is the value of 80 + -63 + 4 + -16?
5
What is -11 + 3 + 0 + -47?
-55
Calculate -2 + (27 - -1) + -52 + (